{"id":120,"date":"2023-06-09T07:34:53","date_gmt":"2023-06-09T05:34:53","guid":{"rendered":"http:\/\/www.amapdescarabes.com\/?page_id=120"},"modified":"2025-11-15T16:10:37","modified_gmt":"2025-11-15T15:10:37","slug":"la-ferme-chez-lolotte","status":"publish","type":"page","link":"http:\/\/www.amapdescarabes.com\/index.php\/la-ferme-chez-lolotte\/","title":{"rendered":"La ferme chez Lolotte"},"content":{"rendered":"\n<figure class=\"wp-block-image size-large\"><img loading=\"lazy\" decoding=\"async\" width=\"1024\" height=\"348\" src=\"http:\/\/www.amapdescarabes.com\/wp-content\/uploads\/2023\/06\/DSC00813-1024x348.jpg\" alt=\"\" class=\"wp-image-196\" srcset=\"http:\/\/www.amapdescarabes.com\/wp-content\/uploads\/2023\/06\/DSC00813-1024x348.jpg 1024w, http:\/\/www.amapdescarabes.com\/wp-content\/uploads\/2023\/06\/DSC00813-300x102.jpg 300w, http:\/\/www.amapdescarabes.com\/wp-content\/uploads\/2023\/06\/DSC00813-768x261.jpg 768w, http:\/\/www.amapdescarabes.com\/wp-content\/uploads\/2023\/06\/DSC00813-1536x522.jpg 1536w, http:\/\/www.amapdescarabes.com\/wp-content\/uploads\/2023\/06\/DSC00813.jpg 1600w\" sizes=\"auto, (max-width: 1024px) 100vw, 1024px\" \/><\/figure>\n\n\n\n<p>J\u00e9r\u00f4me BALLAND, mara\u00eecher BIO \u00e0 Fremifontaine depuis 2010 vend des paniers de l\u00e9gumes (et parfois des fruits) via notre AMAP.<\/p>\n\n\n\n<p>Il est possible de contractualiser \u00e0 la semaine ou par quinzaine.<\/p>\n\n\n\n<p>Le <a href=\"http:\/\/www.amapdescarabes.com\/wp-content\/uploads\/2025\/11\/Commande-11.-Legumes-2026.pdf\" data-type=\"attachment\" data-id=\"194\" target=\"_blank\" rel=\"noreferrer noopener\">contrat<\/a> et les <a href=\"http:\/\/www.amapdescarabes.com\/wp-content\/uploads\/2025\/11\/Contrat-11.-Legumes-2026.pdf\" data-type=\"attachment\" data-id=\"169\" target=\"_blank\" rel=\"noreferrer noopener\">conditions g\u00e9n\u00e9rales de souscription<\/a> pour cette ann\u00e9e<\/p>\n\n\n\n<p><\/p>\n","protected":false},"excerpt":{"rendered":"<p>J\u00e9r\u00f4me BALLAND, mara\u00eecher BIO \u00e0 Fremifontaine depuis 2010 vend des paniers de l\u00e9gumes (et parfois des fruits) via notre AMAP. &hellip; <\/p>\n","protected":false},"author":1,"featured_media":0,"parent":0,"menu_order":0,"comment_status":"closed","ping_status":"closed","template":"","meta":{"footnotes":""},"class_list":["post-120","page","type-page","status-publish","hentry"],"_links":{"self":[{"href":"http:\/\/www.amapdescarabes.com\/index.php\/wp-json\/wp\/v2\/pages\/120","targetHints":{"allow":["GET"]}}],"collection":[{"href":"http:\/\/www.amapdescarabes.com\/index.php\/wp-json\/wp\/v2\/pages"}],"about":[{"href":"http:\/\/www.amapdescarabes.com\/index.php\/wp-json\/wp\/v2\/types\/page"}],"author":[{"embeddable":true,"href":"http:\/\/www.amapdescarabes.com\/index.php\/wp-json\/wp\/v2\/users\/1"}],"replies":[{"embeddable":true,"href":"http:\/\/www.amapdescarabes.com\/index.php\/wp-json\/wp\/v2\/comments?post=120"}],"version-history":[{"count":7,"href":"http:\/\/www.amapdescarabes.com\/index.php\/wp-json\/wp\/v2\/pages\/120\/revisions"}],"predecessor-version":[{"id":419,"href":"http:\/\/www.amapdescarabes.com\/index.php\/wp-json\/wp\/v2\/pages\/120\/revisions\/419"}],"wp:attachment":[{"href":"http:\/\/www.amapdescarabes.com\/index.php\/wp-json\/wp\/v2\/media?parent=120"}],"curies":[{"name":"wp","href":"https:\/\/api.w.org\/{rel}","templated":true}]}}

<figure class="wp-block-image size-large"><img loading="lazy" decoding="async" width="1024" height="348" src="http://www.amapdescarabes.com/wp-content/uploads/2023/06/DSC00813-1024x348.jpg" alt="" class="wp-image-196" srcset="http://www.amapdescarabes.com/wp-content/uploads/2023/06/DSC00813-1024x348.jpg 1024w, http://www.amapdescarabes.com/wp-content/uploads/2023/06/DSC00813-300x102.jpg 300w, http://www.amapdescarabes.com/wp-content/uploads/2023/06/DSC00813-768x261.jpg 768w, http://www.amapdescarabes.com/wp-content/uploads/2023/06/DSC00813-1536x522.jpg 1536w, http://www.amapdescarabes.com/wp-content/uploads/2023/06/DSC00813.jpg 1600w" sizes="auto, (max-width: 1024px) 100vw, 1024px" /></figure>



<p>Jérôme BALLAND, maraîcher BIO à Fremifontaine depuis 2010 vend des paniers de légumes (et parfois des fruits) via notre AMAP.</p>



<p>Il est possible de contractualiser à la semaine ou par quinzaine.</p>



<p>Le <a href="http://www.amapdescarabes.com/wp-content/uploads/2025/11/Commande-11.-Legumes-2026.pdf" data-type="attachment" data-id="194" target="_blank" rel="noreferrer noopener">contrat</a> et les <a href="http://www.amapdescarabes.com/wp-content/uploads/2025/11/Contrat-11.-Legumes-2026.pdf" data-type="attachment" data-id="169" target="_blank" rel="noreferrer noopener">conditions générales de souscription</a> pour cette année</p>



<p></p>

<p>Jérôme BALLAND, maraîcher BIO à Fremifontaine depuis 2010 vend des paniers de légumes (et parfois des fruits) via notre AMAP. &hellip; </p>
