{"id":126,"date":"2023-06-09T07:37:22","date_gmt":"2023-06-09T05:37:22","guid":{"rendered":"http:\/\/www.amapdescarabes.com\/?page_id=126"},"modified":"2025-11-15T16:08:44","modified_gmt":"2025-11-15T15:08:44","slug":"gaec-des-copains","status":"publish","type":"page","link":"http:\/\/www.amapdescarabes.com\/index.php\/gaec-des-copains\/","title":{"rendered":"GAEC des Co\u2019Pains"},"content":{"rendered":"\n<p><\/p>\n\n\n\n<p><\/p>\n\n\n\n<div class=\"wp-block-media-text is-stacked-on-mobile\" style=\"grid-template-columns:46% auto\"><figure class=\"wp-block-media-text__media\"><img loading=\"lazy\" decoding=\"async\" width=\"338\" height=\"326\" src=\"http:\/\/www.amapdescarabes.com\/wp-content\/uploads\/2023\/11\/GAEC-Copains.png\" alt=\"\" class=\"wp-image-277 size-full\" srcset=\"http:\/\/www.amapdescarabes.com\/wp-content\/uploads\/2023\/11\/GAEC-Copains.png 338w, http:\/\/www.amapdescarabes.com\/wp-content\/uploads\/2023\/11\/GAEC-Copains-300x289.png 300w\" sizes=\"auto, (max-width: 338px) 100vw, 338px\" \/><\/figure><div class=\"wp-block-media-text__content\">\n<p>Le GAEC propose de souscrire \u00e0 la vente de :<\/p>\n\n\n\n<p><a href=\"http:\/\/www.amapdescarabes.com\/wp-content\/uploads\/2025\/11\/commande-7.-Pain-_Co_pains_-2026.pdf\" target=\"_blank\" rel=\"noreferrer noopener\">Pains<\/a><\/p>\n\n\n\n<p><a href=\"http:\/\/www.amapdescarabes.com\/wp-content\/uploads\/2025\/11\/commande-6.-Produits-secs-Leo-Lagrange-2026.pdf\" target=\"_blank\" rel=\"noreferrer noopener\">Farines, p\u00e2tes et diverses graines livraison \u00e0 \u00c9pinal<\/a>.<\/p>\n\n\n\n<p><a href=\"http:\/\/www.amapdescarabes.com\/wp-content\/uploads\/2025\/11\/commande-6.-Produits-secs-Docelles-2026.pdf\" target=\"_blank\" rel=\"noreferrer noopener\">Farines, p\u00e2tes et diverses graines livraison \u00e0 Docelles<\/a>.<\/p>\n\n\n\n<p>Tous ces produits sont cultiv\u00e9s et transform\u00e9s sur la ferme \u00e0 Valleroy le sec.<\/p>\n\n\n\n<p>La souscription \u00e0 l\u2019un des contrats vaut acceptation sans r\u00e9serve des <a href=\"http:\/\/www.amapdescarabes.com\/wp-content\/uploads\/2025\/11\/Contrat-GAEC-des-Co_pains-2026.pdf\" target=\"_blank\" rel=\"noreferrer noopener\">conditions g\u00e9n\u00e9rales<\/a>.<\/p>\n<\/div><\/div>\n\n\n\n<p><\/p>\n","protected":false},"excerpt":{"rendered":"<p>Le GAEC propose de souscrire \u00e0 la vente de : Pains Farines, p\u00e2tes et diverses graines livraison \u00e0 \u00c9pinal. Farines, &hellip; <\/p>\n","protected":false},"author":1,"featured_media":0,"parent":0,"menu_order":0,"comment_status":"closed","ping_status":"closed","template":"","meta":{"footnotes":""},"class_list":["post-126","page","type-page","status-publish","hentry"],"_links":{"self":[{"href":"http:\/\/www.amapdescarabes.com\/index.php\/wp-json\/wp\/v2\/pages\/126","targetHints":{"allow":["GET"]}}],"collection":[{"href":"http:\/\/www.amapdescarabes.com\/index.php\/wp-json\/wp\/v2\/pages"}],"about":[{"href":"http:\/\/www.amapdescarabes.com\/index.php\/wp-json\/wp\/v2\/types\/page"}],"author":[{"embeddable":true,"href":"http:\/\/www.amapdescarabes.com\/index.php\/wp-json\/wp\/v2\/users\/1"}],"replies":[{"embeddable":true,"href":"http:\/\/www.amapdescarabes.com\/index.php\/wp-json\/wp\/v2\/comments?post=126"}],"version-history":[{"count":7,"href":"http:\/\/www.amapdescarabes.com\/index.php\/wp-json\/wp\/v2\/pages\/126\/revisions"}],"predecessor-version":[{"id":417,"href":"http:\/\/www.amapdescarabes.com\/index.php\/wp-json\/wp\/v2\/pages\/126\/revisions\/417"}],"wp:attachment":[{"href":"http:\/\/www.amapdescarabes.com\/index.php\/wp-json\/wp\/v2\/media?parent=126"}],"curies":[{"name":"wp","href":"https:\/\/api.w.org\/{rel}","templated":true}]}}

<p></p>



<p></p>



<div class="wp-block-media-text is-stacked-on-mobile" style="grid-template-columns:46% auto"><figure class="wp-block-media-text__media"><img loading="lazy" decoding="async" width="338" height="326" src="http://www.amapdescarabes.com/wp-content/uploads/2023/11/GAEC-Copains.png" alt="" class="wp-image-277 size-full" srcset="http://www.amapdescarabes.com/wp-content/uploads/2023/11/GAEC-Copains.png 338w, http://www.amapdescarabes.com/wp-content/uploads/2023/11/GAEC-Copains-300x289.png 300w" sizes="auto, (max-width: 338px) 100vw, 338px" /></figure><div class="wp-block-media-text__content">
<p>Le GAEC propose de souscrire à la vente de :</p>



<p><a href="http://www.amapdescarabes.com/wp-content/uploads/2025/11/commande-7.-Pain-_Co_pains_-2026.pdf" target="_blank" rel="noreferrer noopener">Pains</a></p>



<p><a href="http://www.amapdescarabes.com/wp-content/uploads/2025/11/commande-6.-Produits-secs-Leo-Lagrange-2026.pdf" target="_blank" rel="noreferrer noopener">Farines, pâtes et diverses graines livraison à Épinal</a>.</p>



<p><a href="http://www.amapdescarabes.com/wp-content/uploads/2025/11/commande-6.-Produits-secs-Docelles-2026.pdf" target="_blank" rel="noreferrer noopener">Farines, pâtes et diverses graines livraison à Docelles</a>.</p>



<p>Tous ces produits sont cultivés et transformés sur la ferme à Valleroy le sec.</p>



<p>La souscription à l’un des contrats vaut acceptation sans réserve des <a href="http://www.amapdescarabes.com/wp-content/uploads/2025/11/Contrat-GAEC-des-Co_pains-2026.pdf" target="_blank" rel="noreferrer noopener">conditions générales</a>.</p>
</div></div>



<p></p>

<p>Le GAEC propose de souscrire à la vente de : Pains Farines, pâtes et diverses graines livraison à Épinal. Farines, &hellip; </p>
