{"id":128,"date":"2023-06-09T07:37:54","date_gmt":"2023-06-09T05:37:54","guid":{"rendered":"http:\/\/www.amapdescarabes.com\/?page_id=128"},"modified":"2025-11-15T16:00:42","modified_gmt":"2025-11-15T15:00:42","slug":"ferme-du-faing-janel","status":"publish","type":"page","link":"http:\/\/www.amapdescarabes.com\/index.php\/ferme-du-faing-janel\/","title":{"rendered":"Ferme du Faing Janel"},"content":{"rendered":"<div class=\"wp-block-image\">\n<figure class=\"aligncenter size-large\"><img loading=\"lazy\" decoding=\"async\" width=\"1024\" height=\"530\" src=\"http:\/\/www.amapdescarabes.com\/wp-content\/uploads\/2023\/06\/Fromage-chevre-1024x530.jpg\" alt=\"\" class=\"wp-image-175\" srcset=\"http:\/\/www.amapdescarabes.com\/wp-content\/uploads\/2023\/06\/Fromage-chevre-1024x530.jpg 1024w, http:\/\/www.amapdescarabes.com\/wp-content\/uploads\/2023\/06\/Fromage-chevre-300x155.jpg 300w, http:\/\/www.amapdescarabes.com\/wp-content\/uploads\/2023\/06\/Fromage-chevre-768x398.jpg 768w, http:\/\/www.amapdescarabes.com\/wp-content\/uploads\/2023\/06\/Fromage-chevre.jpg 1083w\" sizes=\"auto, (max-width: 1024px) 100vw, 1024px\" \/><\/figure>\n<\/div>\n\n\n<p><\/p>\n\n\n\n<p>Magali et Damien BABEL propose \u00e0 la vente des fromages. les ch\u00e8vres sont \u00e9lev\u00e9es \u00e0 Tendon. Le lait est transform\u00e9 \u00e0 la ferme.<\/p>\n\n\n\n<p>La disponibilit\u00e9 des fromages est variable suivants les saisons et caprices des bovid\u00e9s. Veuillez contacter notre r\u00e9f\u00e8rent pour plus d\u2019informations.<\/p>\n\n\n\n<p>La liste des produits et autres modalit\u00e9s sont pr\u00e9cis\u00e9es dans les <a href=\"http:\/\/www.amapdescarabes.com\/wp-content\/uploads\/2025\/11\/contrat-14.-fromage-de-chevre-2026.pdf\" data-type=\"attachment\" data-id=\"162\" target=\"_blank\" rel=\"noreferrer noopener\">conditions g\u00e9n\u00e9rales<\/a>.<\/p>\n","protected":false},"excerpt":{"rendered":"<p>Magali et Damien BABEL propose \u00e0 la vente des fromages. les ch\u00e8vres sont \u00e9lev\u00e9es \u00e0 Tendon. Le lait est transform\u00e9 &hellip; <\/p>\n","protected":false},"author":1,"featured_media":0,"parent":0,"menu_order":0,"comment_status":"closed","ping_status":"closed","template":"","meta":{"footnotes":""},"class_list":["post-128","page","type-page","status-publish","hentry"],"_links":{"self":[{"href":"http:\/\/www.amapdescarabes.com\/index.php\/wp-json\/wp\/v2\/pages\/128","targetHints":{"allow":["GET"]}}],"collection":[{"href":"http:\/\/www.amapdescarabes.com\/index.php\/wp-json\/wp\/v2\/pages"}],"about":[{"href":"http:\/\/www.amapdescarabes.com\/index.php\/wp-json\/wp\/v2\/types\/page"}],"author":[{"embeddable":true,"href":"http:\/\/www.amapdescarabes.com\/index.php\/wp-json\/wp\/v2\/users\/1"}],"replies":[{"embeddable":true,"href":"http:\/\/www.amapdescarabes.com\/index.php\/wp-json\/wp\/v2\/comments?post=128"}],"version-history":[{"count":9,"href":"http:\/\/www.amapdescarabes.com\/index.php\/wp-json\/wp\/v2\/pages\/128\/revisions"}],"predecessor-version":[{"id":415,"href":"http:\/\/www.amapdescarabes.com\/index.php\/wp-json\/wp\/v2\/pages\/128\/revisions\/415"}],"wp:attachment":[{"href":"http:\/\/www.amapdescarabes.com\/index.php\/wp-json\/wp\/v2\/media?parent=128"}],"curies":[{"name":"wp","href":"https:\/\/api.w.org\/{rel}","templated":true}]}}

<div class="wp-block-image">
<figure class="aligncenter size-large"><img loading="lazy" decoding="async" width="1024" height="530" src="http://www.amapdescarabes.com/wp-content/uploads/2023/06/Fromage-chevre-1024x530.jpg" alt="" class="wp-image-175" srcset="http://www.amapdescarabes.com/wp-content/uploads/2023/06/Fromage-chevre-1024x530.jpg 1024w, http://www.amapdescarabes.com/wp-content/uploads/2023/06/Fromage-chevre-300x155.jpg 300w, http://www.amapdescarabes.com/wp-content/uploads/2023/06/Fromage-chevre-768x398.jpg 768w, http://www.amapdescarabes.com/wp-content/uploads/2023/06/Fromage-chevre.jpg 1083w" sizes="auto, (max-width: 1024px) 100vw, 1024px" /></figure>
</div>


<p></p>



<p>Magali et Damien BABEL propose à la vente des fromages. les chèvres sont élevées à Tendon. Le lait est transformé à la ferme.</p>



<p>La disponibilité des fromages est variable suivants les saisons et caprices des bovidés. Veuillez contacter notre réfèrent pour plus d’informations.</p>



<p>La liste des produits et autres modalités sont précisées dans les <a href="http://www.amapdescarabes.com/wp-content/uploads/2025/11/contrat-14.-fromage-de-chevre-2026.pdf" data-type="attachment" data-id="162" target="_blank" rel="noreferrer noopener">conditions générales</a>.</p>

<p>Magali et Damien BABEL propose à la vente des fromages. les chèvres sont élevées à Tendon. Le lait est transformé &hellip; </p>
