{"id":140,"date":"2023-06-09T07:46:00","date_gmt":"2023-06-09T05:46:00","guid":{"rendered":"http:\/\/www.amapdescarabes.com\/?page_id=140"},"modified":"2025-08-11T19:34:11","modified_gmt":"2025-08-11T17:34:11","slug":"mentions-legales","status":"publish","type":"page","link":"http:\/\/www.amapdescarabes.com\/index.php\/mentions-legales\/","title":{"rendered":"Mentions l\u00e9gales"},"content":{"rendered":"\n<p class=\"has-text-align-center has-large-font-size\"><strong>STATUTS<\/strong><\/p>\n\n\n\n<p><a rel=\"noreferrer noopener\" href=\"https:\/\/www.journal-officiel.gouv.fr\/associations\/detail-annonce\/associations_b\/20090046\/1703\" target=\"_blank\">Enregistrement de la cr\u00e9ation de l\u2019AMAP du Durbion \u00e0 la pr\u00e9fecture des Vosges le 06 novembre 2009.<\/a><\/p>\n\n\n\n<p><a href=\"http:\/\/www.amapdescarabes.com\/wp-content\/uploads\/2025\/08\/STATUTS_AMAP_des_CARABES.pdf\" data-type=\"attachment\" data-id=\"380\" target=\"_blank\" rel=\"noreferrer noopener\">Les statuts modifi\u00e9s et valid\u00e9s par l\u2019assembl\u00e9e g\u00e9n\u00e9rale et d\u00e9pos\u00e9s \u00e0 la pr\u00e9fecture d\u2019\u00c9pinal en 2014<\/a><\/p>\n\n\n\n<p><a rel=\"noreferrer noopener\" href=\"https:\/\/www.journal-officiel.gouv.fr\/associations\/detail-annonce\/associations_b\/20140041\/1736\" target=\"_blank\">Le changement de nom d\u00e9pos\u00e9 \u00e0 la pr\u00e9fecture des Vosges le 03 Octobre 2014.<\/a><\/p>\n\n\n\n<p class=\"has-text-align-center has-large-font-size\"><strong>R\u00c9GLEMENT<\/strong><\/p>\n\n\n\n<p><a href=\"http:\/\/www.amapdescarabes.com\/wp-content\/uploads\/2024\/11\/ReglementInterieur2023.pdf\" data-type=\"attachment\" data-id=\"210\" target=\"_blank\" rel=\"noreferrer noopener\">Le r\u00e8glement int\u00e9rieur<\/a><\/p>\n\n\n\n<h4 class=\"wp-block-heading has-text-align-center has-large-font-size\"><strong>Droits d\u2019auteur<\/strong>s<\/h4>\n\n\n\n<p>L\u2019usage est libre pour les contrats et bons de commandes.<\/p>\n\n\n\n<p>Sauf accord \u00e9crit contraire, les copies, modifications et diffusions des \u00e9l\u00e9ments graphiques pr\u00e9sents sur ce site ne sont pas autoris\u00e9es.<\/p>\n\n\n\n<h4 class=\"wp-block-heading has-text-align-center has-large-font-size\"><strong>Donn\u00e9es personnelles<\/strong><\/h4>\n\n\n\n<p>Conform\u00e9ment \u00e0 la loi Informatique et Libert\u00e9s du 6 janvier 1978 et le R\u00e8glement g\u00e9n\u00e9ral sur la protection des donn\u00e9es (RGPD) du 20 Juin 2018, vous disposer d\u2019un droit d\u2019acc\u00e8s, de modification et de suppression des donn\u00e9es vous concernant. L\u2019AMAP s\u2019engage \u00e0 utiliser vos donn\u00e9es personnelles uniquement pour le fonctionnement de celle-ci. En aucun cas, elles ne seront transmise \u00e0 un tiers sans votre accord.<\/p>\n","protected":false},"excerpt":{"rendered":"<p>STATUTS Enregistrement de la cr\u00e9ation de l\u2019AMAP du Durbion \u00e0 la pr\u00e9fecture des Vosges le 06 novembre 2009. Les statuts &hellip; <\/p>\n","protected":false},"author":1,"featured_media":0,"parent":0,"menu_order":0,"comment_status":"closed","ping_status":"closed","template":"","meta":{"footnotes":""},"class_list":["post-140","page","type-page","status-publish","hentry"],"_links":{"self":[{"href":"http:\/\/www.amapdescarabes.com\/index.php\/wp-json\/wp\/v2\/pages\/140","targetHints":{"allow":["GET"]}}],"collection":[{"href":"http:\/\/www.amapdescarabes.com\/index.php\/wp-json\/wp\/v2\/pages"}],"about":[{"href":"http:\/\/www.amapdescarabes.com\/index.php\/wp-json\/wp\/v2\/types\/page"}],"author":[{"embeddable":true,"href":"http:\/\/www.amapdescarabes.com\/index.php\/wp-json\/wp\/v2\/users\/1"}],"replies":[{"embeddable":true,"href":"http:\/\/www.amapdescarabes.com\/index.php\/wp-json\/wp\/v2\/comments?post=140"}],"version-history":[{"count":10,"href":"http:\/\/www.amapdescarabes.com\/index.php\/wp-json\/wp\/v2\/pages\/140\/revisions"}],"predecessor-version":[{"id":383,"href":"http:\/\/www.amapdescarabes.com\/index.php\/wp-json\/wp\/v2\/pages\/140\/revisions\/383"}],"wp:attachment":[{"href":"http:\/\/www.amapdescarabes.com\/index.php\/wp-json\/wp\/v2\/media?parent=140"}],"curies":[{"name":"wp","href":"https:\/\/api.w.org\/{rel}","templated":true}]}}

Mentions légales

<p class="has-text-align-center has-large-font-size"><strong>STATUTS</strong></p>



<p><a rel="noreferrer noopener" href="https://www.journal-officiel.gouv.fr/associations/detail-annonce/associations_b/20090046/1703" target="_blank">Enregistrement de la création de l’AMAP du Durbion à la préfecture des Vosges le 06 novembre 2009.</a></p>



<p><a href="http://www.amapdescarabes.com/wp-content/uploads/2025/08/STATUTS_AMAP_des_CARABES.pdf" data-type="attachment" data-id="380" target="_blank" rel="noreferrer noopener">Les statuts modifiés et validés par l’assemblée générale et déposés à la préfecture d’Épinal en 2014</a></p>



<p><a rel="noreferrer noopener" href="https://www.journal-officiel.gouv.fr/associations/detail-annonce/associations_b/20140041/1736" target="_blank">Le changement de nom déposé à la préfecture des Vosges le 03 Octobre 2014.</a></p>



<p class="has-text-align-center has-large-font-size"><strong>RÉGLEMENT</strong></p>



<p><a href="http://www.amapdescarabes.com/wp-content/uploads/2024/11/ReglementInterieur2023.pdf" data-type="attachment" data-id="210" target="_blank" rel="noreferrer noopener">Le règlement intérieur</a></p>



<h4 class="wp-block-heading has-text-align-center has-large-font-size"><strong>Droits d’auteur</strong>s</h4>



<p>L’usage est libre pour les contrats et bons de commandes.</p>



<p>Sauf accord écrit contraire, les copies, modifications et diffusions des éléments graphiques présents sur ce site ne sont pas autorisées.</p>



<h4 class="wp-block-heading has-text-align-center has-large-font-size"><strong>Données personnelles</strong></h4>



<p>Conformément à la loi Informatique et Libertés du 6 janvier 1978 et le Règlement général sur la protection des données (RGPD) du 20 Juin 2018, vous disposer d’un droit d’accès, de modification et de suppression des données vous concernant. L’AMAP s’engage à utiliser vos données personnelles uniquement pour le fonctionnement de celle-ci. En aucun cas, elles ne seront transmise à un tiers sans votre accord.</p>

<p>STATUTS Enregistrement de la création de l’AMAP du Durbion à la préfecture des Vosges le 06 novembre 2009. Les statuts &hellip; </p>
