{"id":21,"date":"2023-06-08T08:33:07","date_gmt":"2023-06-08T06:33:07","guid":{"rendered":"http:\/\/www.amapdescarabes.com\/?page_id=21"},"modified":"2023-12-04T11:59:19","modified_gmt":"2023-12-04T10:59:19","slug":"bienvenue","status":"publish","type":"page","link":"http:\/\/www.amapdescarabes.com\/","title":{"rendered":"BIENVENUE"},"content":{"rendered":"<div class=\"wp-block-image\">\n<figure class=\"aligncenter size-large is-resized\"><img loading=\"lazy\" decoding=\"async\" width=\"1024\" height=\"369\" src=\"http:\/\/www.amapdescarabes.com\/wp-content\/uploads\/2023\/06\/cropped-amap-1024x369.png\" alt=\"\" class=\"wp-image-11\" style=\"width:850px;height:306px\" srcset=\"http:\/\/www.amapdescarabes.com\/wp-content\/uploads\/2023\/06\/cropped-amap-1024x369.png 1024w, http:\/\/www.amapdescarabes.com\/wp-content\/uploads\/2023\/06\/cropped-amap-300x108.png 300w, http:\/\/www.amapdescarabes.com\/wp-content\/uploads\/2023\/06\/cropped-amap-768x277.png 768w, http:\/\/www.amapdescarabes.com\/wp-content\/uploads\/2023\/06\/cropped-amap-1536x554.png 1536w, http:\/\/www.amapdescarabes.com\/wp-content\/uploads\/2023\/06\/cropped-amap.png 1920w\" sizes=\"auto, (max-width: 1024px) 100vw, 1024px\" \/><\/figure>\n<\/div>\n\n\n<p>En 2009 des membres de l&rsquo;Horizon, de la section vosgienne des chr\u00e9tien en monde rurale et les agriculteurs du GAEC du durbion d\u00e9cident de cr\u00e9er l&rsquo;AMAP du Durbion.<\/p>\n\n\n\n<p>C&rsquo;est l&rsquo;occasion pour J\u00e9r\u00f4me BALLAND de quitter son emploi de salari\u00e9 pour se consacrer pleinement \u00e0 la culture de l\u00e9gumes et devenir notre mara\u00eecher.<\/p>\n\n\n\n<p>Par la suite d&rsquo;autres partenariats se sont fait et d\u00e9fait suivant divers al\u00e9as &#8230; <\/p>\n\n\n\n<p>La lecture de nos <a href=\"http:\/\/www.amapdescarabes.com\/index.php\/nos-publications\/\" data-type=\"page\" data-id=\"39\">publications<\/a> permet de suivre notre \u00e9volution et de comprendre les objectifs, conditions de travail de nos producteurs.<\/p>\n\n\n\n<p>L&rsquo;onglet <a href=\"http:\/\/www.amapdescarabes.com\/index.php\/nos-valeurs\/\" data-type=\"page\" data-id=\"29\">Nos valeurs<\/a> fournit des informations sur les principes de base des AMAP, les actions de sensibilisations aupr\u00e8s du public, de diverses corporations et des administrations. L&rsquo;ensemble des AMAP de France sont r\u00e9pertori\u00e9es.<\/p>\n\n\n\n<p class=\"has-text-align-center\"><strong>Nous vous souhaitons une bonne visite et esp\u00e9rons vous donner l&rsquo;envie de nous rejoindre ! <\/strong><\/p>\n","protected":false},"excerpt":{"rendered":"<p>En 2009 des membres de l&rsquo;Horizon, de la section vosgienne des chr\u00e9tien en monde rurale et les agriculteurs du GAEC &hellip; <\/p>\n","protected":false},"author":1,"featured_media":0,"parent":0,"menu_order":0,"comment_status":"closed","ping_status":"closed","template":"","meta":{"footnotes":""},"class_list":["post-21","page","type-page","status-publish","hentry"],"_links":{"self":[{"href":"http:\/\/www.amapdescarabes.com\/index.php\/wp-json\/wp\/v2\/pages\/21","targetHints":{"allow":["GET"]}}],"collection":[{"href":"http:\/\/www.amapdescarabes.com\/index.php\/wp-json\/wp\/v2\/pages"}],"about":[{"href":"http:\/\/www.amapdescarabes.com\/index.php\/wp-json\/wp\/v2\/types\/page"}],"author":[{"embeddable":true,"href":"http:\/\/www.amapdescarabes.com\/index.php\/wp-json\/wp\/v2\/users\/1"}],"replies":[{"embeddable":true,"href":"http:\/\/www.amapdescarabes.com\/index.php\/wp-json\/wp\/v2\/comments?post=21"}],"version-history":[{"count":12,"href":"http:\/\/www.amapdescarabes.com\/index.php\/wp-json\/wp\/v2\/pages\/21\/revisions"}],"predecessor-version":[{"id":308,"href":"http:\/\/www.amapdescarabes.com\/index.php\/wp-json\/wp\/v2\/pages\/21\/revisions\/308"}],"wp:attachment":[{"href":"http:\/\/www.amapdescarabes.com\/index.php\/wp-json\/wp\/v2\/media?parent=21"}],"curies":[{"name":"wp","href":"https:\/\/api.w.org\/{rel}","templated":true}]}}

<div class="wp-block-image">
<figure class="aligncenter size-large is-resized"><img loading="lazy" decoding="async" width="1024" height="369" src="http://www.amapdescarabes.com/wp-content/uploads/2023/06/cropped-amap-1024x369.png" alt="" class="wp-image-11" style="width:850px;height:306px" srcset="http://www.amapdescarabes.com/wp-content/uploads/2023/06/cropped-amap-1024x369.png 1024w, http://www.amapdescarabes.com/wp-content/uploads/2023/06/cropped-amap-300x108.png 300w, http://www.amapdescarabes.com/wp-content/uploads/2023/06/cropped-amap-768x277.png 768w, http://www.amapdescarabes.com/wp-content/uploads/2023/06/cropped-amap-1536x554.png 1536w, http://www.amapdescarabes.com/wp-content/uploads/2023/06/cropped-amap.png 1920w" sizes="auto, (max-width: 1024px) 100vw, 1024px" /></figure>
</div>


<p>En 2009 des membres de l&rsquo;Horizon, de la section vosgienne des chrétien en monde rurale et les agriculteurs du GAEC du durbion décident de créer l&rsquo;AMAP du Durbion.</p>



<p>C&rsquo;est l&rsquo;occasion pour Jérôme BALLAND de quitter son emploi de salarié pour se consacrer pleinement à la culture de légumes et devenir notre maraîcher.</p>



<p>Par la suite d&rsquo;autres partenariats se sont fait et défait suivant divers aléas &#8230; </p>



<p>La lecture de nos <a href="http://www.amapdescarabes.com/index.php/nos-publications/" data-type="page" data-id="39">publications</a> permet de suivre notre évolution et de comprendre les objectifs, conditions de travail de nos producteurs.</p>



<p>L&rsquo;onglet <a href="http://www.amapdescarabes.com/index.php/nos-valeurs/" data-type="page" data-id="29">Nos valeurs</a> fournit des informations sur les principes de base des AMAP, les actions de sensibilisations auprès du public, de diverses corporations et des administrations. L&rsquo;ensemble des AMAP de France sont répertoriées.</p>



<p class="has-text-align-center"><strong>Nous vous souhaitons une bonne visite et espérons vous donner l&rsquo;envie de nous rejoindre ! </strong></p>

<p>En 2009 des membres de l&rsquo;Horizon, de la section vosgienne des chrétien en monde rurale et les agriculteurs du GAEC &hellip; </p>
