{"id":284,"date":"2023-11-29T12:26:39","date_gmt":"2023-11-29T11:26:39","guid":{"rendered":"http:\/\/www.amapdescarabes.com\/?page_id=284"},"modified":"2023-11-30T18:37:04","modified_gmt":"2023-11-30T17:37:04","slug":"comparatif-des-labels-alimentaires","status":"publish","type":"page","link":"http:\/\/www.amapdescarabes.com\/index.php\/comparatif-des-labels-alimentaires\/","title":{"rendered":"Animations Assembl\u00e9e g\u00e9n\u00e9rale 2023"},"content":{"rendered":"\n<div class=\"wp-block-media-text is-stacked-on-mobile\"><figure class=\"wp-block-media-text__media\"><a href=\"http:\/\/www.amapdescarabes.com\/wp-content\/uploads\/2023\/11\/Agriculture-biologique-mieux-connaitre-les-principaux-labels-bios_.pdf\" target=\"_blank\" rel=\"noreferrer noopener\"><img loading=\"lazy\" decoding=\"async\" width=\"600\" height=\"338\" src=\"http:\/\/www.amapdescarabes.com\/wp-content\/uploads\/2023\/11\/Agriculture-biologique-mieux-connaitre-les-principaux-labels-bios_.png\" alt=\"\" class=\"wp-image-285 size-full\" srcset=\"http:\/\/www.amapdescarabes.com\/wp-content\/uploads\/2023\/11\/Agriculture-biologique-mieux-connaitre-les-principaux-labels-bios_.png 600w, http:\/\/www.amapdescarabes.com\/wp-content\/uploads\/2023\/11\/Agriculture-biologique-mieux-connaitre-les-principaux-labels-bios_-300x169.png 300w\" sizes=\"auto, (max-width: 600px) 100vw, 600px\" \/><\/a><\/figure><div class=\"wp-block-media-text__content\">\n<p>Pendant notre assembl\u00e9e g\u00e9n\u00e9rale du 24 novembre 2023, St\u00e9phane nous fait une <a href=\"http:\/\/www.amapdescarabes.com\/wp-content\/uploads\/2023\/11\/Agriculture-biologique-mieux-connaitre-les-principaux-labels-bios_.pdf\" target=\"_blank\" rel=\"noreferrer noopener\">pr\u00e9sentation<\/a> succincte des labels alimentaires. En compl\u00e9ment, quelques illustrations et liens pour mieux comprendre et comparer les objectifs de ces labels.<\/p>\n\n\n\n<p>Fr\u00e9d\u00e9rique \u00e0 pr\u00e9sent\u00e9 le projet de <a href=\"https:\/\/securite-sociale-alimentation.org\/\">s\u00e9cu<\/a><a href=\"https:\/\/securite-sociale-alimentation.org\/\" target=\"_blank\" rel=\"noreferrer noopener\">r<\/a><a href=\"https:\/\/securite-sociale-alimentation.org\/\">it\u00e9 sociale alimentaire<\/a> et l&rsquo;organisation de producteurs <a href=\"https:\/\/biograndest.org\/\" target=\"_blank\" rel=\"noreferrer noopener\">BIO en Grand Est<\/a><\/p>\n<\/div><\/div>\n\n\n\n<figure class=\"wp-block-image size-full\"><a href=\"http:\/\/www.amapdescarabes.com\/wp-content\/uploads\/2023\/11\/comprendre_labels_bio_alimentaires_comparatif_dans_ma_rue_bordeaux-1-1024x768-1.jpg\" target=\"_blank\" rel=\"noreferrer noopener\"><img loading=\"lazy\" decoding=\"async\" width=\"1024\" height=\"768\" src=\"http:\/\/www.amapdescarabes.com\/wp-content\/uploads\/2023\/11\/comprendre_labels_bio_alimentaires_comparatif_dans_ma_rue_bordeaux-1-1024x768-1.jpg\" alt=\"\" class=\"wp-image-290\" srcset=\"http:\/\/www.amapdescarabes.com\/wp-content\/uploads\/2023\/11\/comprendre_labels_bio_alimentaires_comparatif_dans_ma_rue_bordeaux-1-1024x768-1.jpg 1024w, http:\/\/www.amapdescarabes.com\/wp-content\/uploads\/2023\/11\/comprendre_labels_bio_alimentaires_comparatif_dans_ma_rue_bordeaux-1-1024x768-1-300x225.jpg 300w, http:\/\/www.amapdescarabes.com\/wp-content\/uploads\/2023\/11\/comprendre_labels_bio_alimentaires_comparatif_dans_ma_rue_bordeaux-1-1024x768-1-768x576.jpg 768w\" sizes=\"auto, (max-width: 1024px) 100vw, 1024px\" \/><\/a><\/figure>\n\n\n\n<figure class=\"wp-block-image size-large\"><a href=\"http:\/\/www.amapdescarabes.com\/wp-content\/uploads\/2023\/11\/E2N8I70XsAErYPp.jpeg\" target=\"_blank\" rel=\"noreferrer noopener\"><img loading=\"lazy\" decoding=\"async\" width=\"1024\" height=\"454\" src=\"http:\/\/www.amapdescarabes.com\/wp-content\/uploads\/2023\/11\/E2N8I70XsAErYPp-1024x454.jpeg\" alt=\"\" class=\"wp-image-292\" srcset=\"http:\/\/www.amapdescarabes.com\/wp-content\/uploads\/2023\/11\/E2N8I70XsAErYPp-1024x454.jpeg 1024w, http:\/\/www.amapdescarabes.com\/wp-content\/uploads\/2023\/11\/E2N8I70XsAErYPp-300x133.jpeg 300w, http:\/\/www.amapdescarabes.com\/wp-content\/uploads\/2023\/11\/E2N8I70XsAErYPp-768x341.jpeg 768w, http:\/\/www.amapdescarabes.com\/wp-content\/uploads\/2023\/11\/E2N8I70XsAErYPp.jpeg 1512w\" sizes=\"auto, (max-width: 1024px) 100vw, 1024px\" \/><\/a><\/figure>\n\n\n\n<figure class=\"wp-block-image size-large\"><a href=\"http:\/\/www.amapdescarabes.com\/wp-content\/uploads\/2023\/11\/tableau_comparatif_des_labels_bio_a_jour_nov_2016.jpg\" target=\"_blank\" rel=\"noreferrer noopener\"><img loading=\"lazy\" decoding=\"async\" width=\"1024\" height=\"724\" src=\"http:\/\/www.amapdescarabes.com\/wp-content\/uploads\/2023\/11\/tableau_comparatif_des_labels_bio_a_jour_nov_2016-1024x724.jpg\" alt=\"\" class=\"wp-image-294\" srcset=\"http:\/\/www.amapdescarabes.com\/wp-content\/uploads\/2023\/11\/tableau_comparatif_des_labels_bio_a_jour_nov_2016-1024x724.jpg 1024w, http:\/\/www.amapdescarabes.com\/wp-content\/uploads\/2023\/11\/tableau_comparatif_des_labels_bio_a_jour_nov_2016-300x212.jpg 300w, http:\/\/www.amapdescarabes.com\/wp-content\/uploads\/2023\/11\/tableau_comparatif_des_labels_bio_a_jour_nov_2016-768x543.jpg 768w, http:\/\/www.amapdescarabes.com\/wp-content\/uploads\/2023\/11\/tableau_comparatif_des_labels_bio_a_jour_nov_2016.jpg 1169w\" sizes=\"auto, (max-width: 1024px) 100vw, 1024px\" \/><\/a><\/figure>\n\n\n\n<p class=\"has-text-align-center has-vivid-green-cyan-background-color has-background\">Lien pour suivre l\u2019\u00e9volution des labels<\/p>\n\n\n\n<p><a href=\"https:\/\/www.quechoisir.org\/dossier-alimentation-bio-t2180\/\" target=\"_blank\" rel=\"noreferrer noopener\">https:\/\/www.quechoisir.org\/dossier-alimentation-bio-t2180\/<\/a><\/p>\n\n\n\n<p class=\"has-text-align-center has-electric-grass-gradient-background has-background\">Zoom sur le label \u00a0\u00bb <strong>Haute Valeur Environnementale<\/strong> \u00ab\u00a0<\/p>\n\n\n\n<p><a href=\"https:\/\/www.bioconsomacteurs.org\/bio\/dossiers\/agriculture-alimentation-sante-ecoproduit-environnement-restauration-collective\" target=\"_blank\" rel=\"noreferrer noopener\">https:\/\/www.bioconsomacteurs.org\/bio\/dossiers\/agriculture-alimentation-sante-ecoproduit-environnement-restauration-collective<\/a><\/p>\n\n\n\n<p><\/p>\n\n\n\n<p><\/p>\n","protected":false},"excerpt":{"rendered":"<p>Pendant notre assembl\u00e9e g\u00e9n\u00e9rale du 24 novembre 2023, St\u00e9phane nous fait une pr\u00e9sentation succincte des labels alimentaires. En compl\u00e9ment, quelques &hellip; <\/p>\n","protected":false},"author":1,"featured_media":0,"parent":0,"menu_order":0,"comment_status":"closed","ping_status":"closed","template":"","meta":{"footnotes":""},"class_list":["post-284","page","type-page","status-publish","hentry"],"_links":{"self":[{"href":"http:\/\/www.amapdescarabes.com\/index.php\/wp-json\/wp\/v2\/pages\/284","targetHints":{"allow":["GET"]}}],"collection":[{"href":"http:\/\/www.amapdescarabes.com\/index.php\/wp-json\/wp\/v2\/pages"}],"about":[{"href":"http:\/\/www.amapdescarabes.com\/index.php\/wp-json\/wp\/v2\/types\/page"}],"author":[{"embeddable":true,"href":"http:\/\/www.amapdescarabes.com\/index.php\/wp-json\/wp\/v2\/users\/1"}],"replies":[{"embeddable":true,"href":"http:\/\/www.amapdescarabes.com\/index.php\/wp-json\/wp\/v2\/comments?post=284"}],"version-history":[{"count":11,"href":"http:\/\/www.amapdescarabes.com\/index.php\/wp-json\/wp\/v2\/pages\/284\/revisions"}],"predecessor-version":[{"id":304,"href":"http:\/\/www.amapdescarabes.com\/index.php\/wp-json\/wp\/v2\/pages\/284\/revisions\/304"}],"wp:attachment":[{"href":"http:\/\/www.amapdescarabes.com\/index.php\/wp-json\/wp\/v2\/media?parent=284"}],"curies":[{"name":"wp","href":"https:\/\/api.w.org\/{rel}","templated":true}]}}

Animations Assemblée générale 2023

<div class="wp-block-media-text is-stacked-on-mobile"><figure class="wp-block-media-text__media"><a href="http://www.amapdescarabes.com/wp-content/uploads/2023/11/Agriculture-biologique-mieux-connaitre-les-principaux-labels-bios_.pdf" target="_blank" rel="noreferrer noopener"><img loading="lazy" decoding="async" width="600" height="338" src="http://www.amapdescarabes.com/wp-content/uploads/2023/11/Agriculture-biologique-mieux-connaitre-les-principaux-labels-bios_.png" alt="" class="wp-image-285 size-full" srcset="http://www.amapdescarabes.com/wp-content/uploads/2023/11/Agriculture-biologique-mieux-connaitre-les-principaux-labels-bios_.png 600w, http://www.amapdescarabes.com/wp-content/uploads/2023/11/Agriculture-biologique-mieux-connaitre-les-principaux-labels-bios_-300x169.png 300w" sizes="auto, (max-width: 600px) 100vw, 600px" /></a></figure><div class="wp-block-media-text__content">
<p>Pendant notre assemblée générale du 24 novembre 2023, Stéphane nous fait une <a href="http://www.amapdescarabes.com/wp-content/uploads/2023/11/Agriculture-biologique-mieux-connaitre-les-principaux-labels-bios_.pdf" target="_blank" rel="noreferrer noopener">présentation</a> succincte des labels alimentaires. En complément, quelques illustrations et liens pour mieux comprendre et comparer les objectifs de ces labels.</p>



<p>Frédérique à présenté le projet de <a href="https://securite-sociale-alimentation.org/">sécu</a><a href="https://securite-sociale-alimentation.org/" target="_blank" rel="noreferrer noopener">r</a><a href="https://securite-sociale-alimentation.org/">ité sociale alimentaire</a> et l&rsquo;organisation de producteurs <a href="https://biograndest.org/" target="_blank" rel="noreferrer noopener">BIO en Grand Est</a></p>
</div></div>



<figure class="wp-block-image size-full"><a href="http://www.amapdescarabes.com/wp-content/uploads/2023/11/comprendre_labels_bio_alimentaires_comparatif_dans_ma_rue_bordeaux-1-1024x768-1.jpg" target="_blank" rel="noreferrer noopener"><img loading="lazy" decoding="async" width="1024" height="768" src="http://www.amapdescarabes.com/wp-content/uploads/2023/11/comprendre_labels_bio_alimentaires_comparatif_dans_ma_rue_bordeaux-1-1024x768-1.jpg" alt="" class="wp-image-290" srcset="http://www.amapdescarabes.com/wp-content/uploads/2023/11/comprendre_labels_bio_alimentaires_comparatif_dans_ma_rue_bordeaux-1-1024x768-1.jpg 1024w, http://www.amapdescarabes.com/wp-content/uploads/2023/11/comprendre_labels_bio_alimentaires_comparatif_dans_ma_rue_bordeaux-1-1024x768-1-300x225.jpg 300w, http://www.amapdescarabes.com/wp-content/uploads/2023/11/comprendre_labels_bio_alimentaires_comparatif_dans_ma_rue_bordeaux-1-1024x768-1-768x576.jpg 768w" sizes="auto, (max-width: 1024px) 100vw, 1024px" /></a></figure>



<figure class="wp-block-image size-large"><a href="http://www.amapdescarabes.com/wp-content/uploads/2023/11/E2N8I70XsAErYPp.jpeg" target="_blank" rel="noreferrer noopener"><img loading="lazy" decoding="async" width="1024" height="454" src="http://www.amapdescarabes.com/wp-content/uploads/2023/11/E2N8I70XsAErYPp-1024x454.jpeg" alt="" class="wp-image-292" srcset="http://www.amapdescarabes.com/wp-content/uploads/2023/11/E2N8I70XsAErYPp-1024x454.jpeg 1024w, http://www.amapdescarabes.com/wp-content/uploads/2023/11/E2N8I70XsAErYPp-300x133.jpeg 300w, http://www.amapdescarabes.com/wp-content/uploads/2023/11/E2N8I70XsAErYPp-768x341.jpeg 768w, http://www.amapdescarabes.com/wp-content/uploads/2023/11/E2N8I70XsAErYPp.jpeg 1512w" sizes="auto, (max-width: 1024px) 100vw, 1024px" /></a></figure>



<figure class="wp-block-image size-large"><a href="http://www.amapdescarabes.com/wp-content/uploads/2023/11/tableau_comparatif_des_labels_bio_a_jour_nov_2016.jpg" target="_blank" rel="noreferrer noopener"><img loading="lazy" decoding="async" width="1024" height="724" src="http://www.amapdescarabes.com/wp-content/uploads/2023/11/tableau_comparatif_des_labels_bio_a_jour_nov_2016-1024x724.jpg" alt="" class="wp-image-294" srcset="http://www.amapdescarabes.com/wp-content/uploads/2023/11/tableau_comparatif_des_labels_bio_a_jour_nov_2016-1024x724.jpg 1024w, http://www.amapdescarabes.com/wp-content/uploads/2023/11/tableau_comparatif_des_labels_bio_a_jour_nov_2016-300x212.jpg 300w, http://www.amapdescarabes.com/wp-content/uploads/2023/11/tableau_comparatif_des_labels_bio_a_jour_nov_2016-768x543.jpg 768w, http://www.amapdescarabes.com/wp-content/uploads/2023/11/tableau_comparatif_des_labels_bio_a_jour_nov_2016.jpg 1169w" sizes="auto, (max-width: 1024px) 100vw, 1024px" /></a></figure>



<p class="has-text-align-center has-vivid-green-cyan-background-color has-background">Lien pour suivre l’évolution des labels</p>



<p><a href="https://www.quechoisir.org/dossier-alimentation-bio-t2180/" target="_blank" rel="noreferrer noopener">https://www.quechoisir.org/dossier-alimentation-bio-t2180/</a></p>



<p class="has-text-align-center has-electric-grass-gradient-background has-background">Zoom sur le label  » <strong>Haute Valeur Environnementale</strong> « </p>



<p><a href="https://www.bioconsomacteurs.org/bio/dossiers/agriculture-alimentation-sante-ecoproduit-environnement-restauration-collective" target="_blank" rel="noreferrer noopener">https://www.bioconsomacteurs.org/bio/dossiers/agriculture-alimentation-sante-ecoproduit-environnement-restauration-collective</a></p>



<p></p>



<p></p>

<p>Pendant notre assemblée générale du 24 novembre 2023, Stéphane nous fait une présentation succincte des labels alimentaires. En complément, quelques &hellip; </p>
