{"id":315,"date":"2024-03-05T10:36:38","date_gmt":"2024-03-05T09:36:38","guid":{"rendered":"http:\/\/www.amapdescarabes.com\/?page_id=315"},"modified":"2024-03-05T10:40:07","modified_gmt":"2024-03-05T09:40:07","slug":"article-de-presse-ag-2023","status":"publish","type":"page","link":"http:\/\/www.amapdescarabes.com\/index.php\/article-de-presse-ag-2023\/","title":{"rendered":"Article de presse AG 2023"},"content":{"rendered":"\n<p><a href=\"http:\/\/www.amapdescarabes.com\/wp-content\/uploads\/2024\/03\/ag2023articlepresse.pdf\" data-type=\"attachment\" data-id=\"314\" target=\"_blank\" rel=\"noreferrer noopener\">Article propos\u00e9 par Claudine, correspondante local du quotidien \u00ab\u00a0Vosges Matin\u00a0\u00bb.<\/a><\/p>\n\n\n\n<p>Pour des raisons que nous ignorons il n&rsquo;a jamais \u00e9t\u00e9 publi\u00e9.<\/p>\n","protected":false},"excerpt":{"rendered":"<p>Article propos\u00e9 par Claudine, correspondante local du quotidien \u00ab\u00a0Vosges Matin\u00a0\u00bb. Pour des raisons que nous ignorons il n&rsquo;a jamais \u00e9t\u00e9 &hellip; <\/p>\n","protected":false},"author":1,"featured_media":0,"parent":0,"menu_order":0,"comment_status":"closed","ping_status":"closed","template":"","meta":{"footnotes":""},"class_list":["post-315","page","type-page","status-publish","hentry"],"_links":{"self":[{"href":"http:\/\/www.amapdescarabes.com\/index.php\/wp-json\/wp\/v2\/pages\/315","targetHints":{"allow":["GET"]}}],"collection":[{"href":"http:\/\/www.amapdescarabes.com\/index.php\/wp-json\/wp\/v2\/pages"}],"about":[{"href":"http:\/\/www.amapdescarabes.com\/index.php\/wp-json\/wp\/v2\/types\/page"}],"author":[{"embeddable":true,"href":"http:\/\/www.amapdescarabes.com\/index.php\/wp-json\/wp\/v2\/users\/1"}],"replies":[{"embeddable":true,"href":"http:\/\/www.amapdescarabes.com\/index.php\/wp-json\/wp\/v2\/comments?post=315"}],"version-history":[{"count":2,"href":"http:\/\/www.amapdescarabes.com\/index.php\/wp-json\/wp\/v2\/pages\/315\/revisions"}],"predecessor-version":[{"id":317,"href":"http:\/\/www.amapdescarabes.com\/index.php\/wp-json\/wp\/v2\/pages\/315\/revisions\/317"}],"wp:attachment":[{"href":"http:\/\/www.amapdescarabes.com\/index.php\/wp-json\/wp\/v2\/media?parent=315"}],"curies":[{"name":"wp","href":"https:\/\/api.w.org\/{rel}","templated":true}]}}

<p><a href="http://www.amapdescarabes.com/wp-content/uploads/2024/03/ag2023articlepresse.pdf" data-type="attachment" data-id="314" target="_blank" rel="noreferrer noopener">Article proposé par Claudine, correspondante local du quotidien « Vosges Matin ».</a></p>



<p>Pour des raisons que nous ignorons il n&rsquo;a jamais été publié.</p>

<p>Article proposé par Claudine, correspondante local du quotidien « Vosges Matin ». Pour des raisons que nous ignorons il n&rsquo;a jamais été &hellip; </p>
